= 6*p - 8. Let n be 2/(-6) + 28/3. Calculate the remainder when a(n) is divided by 12.
10
Suppose -7*g + 40 = -2*g. Suppose -3*s + 0*s = h - 10, 2*s = -h + g. Suppose d - s = -0. Calculate the remainder when d is divided by 1.
0
Suppose 4*j - 4 = 0, -6*j + 3*j + 5 = z. Suppose z*o - 6*o = 0, -5*r + 2*o + 50 = 0. What is the remainder when 36 is divided by r?
6
Suppose 0 = -2*s + 3*s - 31. Calculate the remainder when s is divided by 18.
13
Suppose 106 = 6*i - 4*i. Calculate the remainder when i is divided by 14.
11
Suppose 227 = 5*r - 238. Calculate the remainder when (1/3)/(1/r) is divided by 16.
15
Suppose -5*r - 4*b + 50 = 0, -b - 38 = -4*r + 23. Suppose r = k + 2. Suppose -4*j - 2 = -m + j, -3*m - 5*j = -26. What is the remainder when k is divided by m?
5
Calculate the remainder when 8*((-27)/(-3) - 20/5) is divided by 16.
8
Let x = 1 + 3. What is the remainder when 7 is divided by x?
3
Let d(b) = b**3 - 3*b**2 - 2*b + 2. Calculate the remainder when 37 is divided by d(4).
7
Let k(g) = -7*g**2 + 11*g - 8. Let r(c) = -15*c**2 + 23*c - 16. Let m(u) = -13*k(u) + 6*r(u). Calculate the remainder when m(9) is divided by 15.
14
Suppose 3*s = -8 + 299. What is the remainder when s is divided by 25?
22
Let j(u) = u**3 - 3*u**2 - 11*u + 10. Suppose -5*g + 32 = h, 2*g + 5*h - 6 = -g. What is the remainder when g is divided by j(5)?
2
Let v be (6/(-12))/(1/(-6)). What is the remainder when 4 is divided by 1 + (0/v - -1)?
0
Let i = -36 + 62. Suppose -4*l - 5*f = -i - 6, -4*l = 3*f - 32. Calculate the remainder when 28 is divided by l.
4
Suppose 0*n + 4*n = 48. Calculate the remainder when 45 is divided by n.
9
Suppose 2*r - m - 32 = 0, -r = -5*r - 3*m + 54. Calculate the remainder when r is divided by 4.
3
Let w(v) = -3*v**3 + 2*v**2 + 1. Calculate the remainder when w(-2) is divided by 6*10/(-15) + 21.
16
Let c = 38 + -16. Suppose l = 6*l + 15. Let w = c + l. What is the remainder when w is divided by 5?
4
Let h(s) = -s - 9. Let b be h(0). Calculate the remainder when 138*(-1 + (-12)/b) is divided by 16.
14
Suppose -4*f - 120 = 5*w - w, 111 = -4*f + 5*w. Let n(o) = o - 6. Let s be n(3). Calculate the remainder when 28 is divided by s/(-9) + f/(-3).
8
Suppose 0 = 8*n - 4*n - 736. Suppose -5*i - 4*d + n = -137, -4*d = 4. What is the remainder when i is divided by 17?
14
Let c(t) = 1 - 1 - t**2 - 1 + 8*t. Calculate the remainder when c(6) is divided by 4.
3
Suppose -12*a = -11*a - 15. Let k = -111 + 168. Calculate the remainder when k is divided by a.
12
Suppose -2 = -3*g + 1. Calculate the remainder when 3 is divided by g.
0
Let w be 9/(-12)*24/(-9). Let d = w - -24. Calculate the remainder when 76 is divided by d.
24
Let y(n) = -4*n - 1. Suppose -4*t + 18 = 5*a, 4*t - t = 3*a. Let s be -1 + 2 - t*1. What is the remainder when y(s) is divided by 2?
1
What is the remainder when (-1 - -23) + -2*4/8 is divided by 12?
9
Let x(b) = -b. Let n be x(2). Suppose -3*i - p - 42 = 0, 2*i = -0*i - p - 28. Calculate the remainder when n*(-2)/(-4) - i is divided by 7.
6
Suppose -o = 5*o - 312. Calculate the remainder when o is divided by 14.
10
Let s(n) = 26*n + 1. Suppose f = w, 0 = 5*w + f - 2*f - 20. Let h = 5 + w. Calculate the remainder when s(1) is divided by h.
7
Let i(b) = 38*b**2. Let g(q) = -q**3 + 7*q**2 - 5*q - 7. Let r be g(6). What is the remainder when i(r) is divided by 27/2 + (-4)/8?
12
Let h = 12 + 8. Calculate the remainder when 78 is divided by h.
18
Let a(o) = -o**3 - 12*o**2 - 15*o + 15. What is the remainder when a(-11) is divided by 15?
14
Let t = 180 + -128. Calculate the remainder when t is divided by 27.
25
Let n(s) = s - 2. Let l be n(7). Suppose 0*k + k + 4*w - 43 = 0, -3*k + 136 = l*w. Calculate the remainder when k is divided by 12.
11
Let i(f) = 31*f**2 - 1. Suppose -n + 22 = 4*u - 12, -24 = -2*u - 4*n. What is the remainder when i(-1) is divided by u?
6
Let p(j) = -21*j - 18. What is the remainder when p(-9) is divided by 43?
42
What is the remainder when 29 is divided by 7 - 1*(3 + -4)?
5
Suppose -5 = -5*i + 25. Let d = 20 + -10. What is the remainder when d is divided by i?
4
Let k = -7 + 16. Suppose -15 = 5*o, 0 = 3*d - d + o - k. Calculate the remainder when 15 is divided by d.
3
Suppose 0 = n + 3*d - 4*d, 2*n - 3*d - 2 = 0. Let x(s) = -4*s**3 - 3*s**2 - 2*s - 3. What is the remainder when 41 is divided by x(n)?
20
Let l(g) = -g**2 - 9*g - 7. Let j = -7 - -13. What is the remainder when l(-6) is divided by j?
5
Suppose 30 = -5*k + 185. Let c = k - 14. What is the remainder when 31 is divided by c?
14
Let z be 10/15 + (-188)/(-6). Suppose -4*v + z = 8. Calculate the remainder when v is divided by 4.
2
Let w = -12 - -13. What is the remainder when w/(-3) - (-92)/6 is divided by 9?
6
Let s = -2 + 4. Suppose s*o = -4*t + 55 - 7, 4*t = 8. Calculate the remainder when o is divided by 11.
9
Suppose 11*m - 9*m = 66. Calculate the remainder when m is divided by 12.
9
Let i be (-282)/(-15) - (-1)/5. Suppose 5*t - i = 4*t. Calculate the remainder when t is divided by 1/1 - (-5 - 1).
5
Let b = -41 + 73. Suppose -5 = -j - 2. Suppose -l + j*l - 34 = 0. Calculate the remainder when b is divided by l.
15
Suppose -4*t = t + 75. Let j = 23 + t. Calculate the remainder when j is divided by 5.
3
Suppose -y - c - 5 = 2*y, 3*c + 15 = y. Suppose -4*g - 3*t + 46 = 0, 2*g + y*t = t + 28. Let f = 76 + -52. What is the remainder when f is divided by g?
11
Suppose 3*l + l + 648 = 0. What is the remainder when 41 is divided by 3/15 + l/(-15)?
8
Let h(z) = -z**2 + 4*z + 2. Let o be h(-7). Calculate the remainder when (-1)/4 + o/(-12) is divided by (0 - 6)/((-6)/4).
2
Suppose 0 = -18*g + 978 + 120. What is the remainder when g is divided by 16?
13
Suppose 2*k + 1 - 7 = 2*n, 0 = -4*k + 2*n + 10. Calculate the remainder when 2 is divided by k.
0
Let d(j) = 5*j - 1. Suppose 3*w = 12, u - 12 = 3*w - 5*w. Let t(k) = -k**3 + 9*k**2 + 14*k - 3. What is the remainder when t(10) is divided by d(u)?
18
Let q(l) = 11*l**2 + l + 1. Let f(b) = 5*b**2 + b. Let w(z) = 7*f(z) - 3*q(z). Calculate the remainder when w(3) is divided by 14.
13
Let s = 31 - 8. Let c(h) = h**2 + 7*h - 9. Let d be c(-8). What is the remainder when s is divided by 7 - (0 - -1)*d?
7
Suppose 153 = 2*d + 3*o, d + 3*o = -11 + 89. Calculate the remainder when d is divided by 19.
18
Let k be 6/(-21) + 16/7. Suppose 26 = -t + k*t. Calculate the remainder when t is divided by 9.
8
Let i(o) = 3*o + 2. Suppose 4 + 14 = 2*n. Calculate the remainder when i(8) is divided by n.
8
Suppose 3*m - 51 = -0*f + 3*f, 4*f = -2*m + 4. Calculate the remainder when 12 is divided by m.
0
Let d(k) = -k**2 + 5*k + 8. Let l be d(6). What is the remainder when ((-5)/l)/(3/(-6)) is divided by 3?
2
Let t = 63 + -41. What is the remainder when t is divided by 12?
10
Suppose -6*o = -4*t - o + 135, -4*t - 2*o + 142 = 0. Calculate the remainder when t is divided by 18.
17
Suppose -2*u - 3*i + 30 = -u, -3*i = -5*u + 114. What is the remainder when u is divided by 4?
0
Let i(s) be the second derivative of s**5/20 + s**4/4 - s**2 + s. Calculate the remainder when i(-2) is divided by 2.
0
Suppose 213 = 2*t + 37. Calculate the remainder when t is divided by 45.
43
Let j be (-7)/3*-3*1. Suppose o + 1 = n, o - 3*o + j = n. What is the remainder when 8 is divided by n?
2
Suppose -6*s + 46 = 3*j - s, 4*s = 2*j - 38. Calculate the remainder when j is divided by 5.
2
Suppose -76 = -2*n - h, 3*n = 4*h + 27 + 109. Calculate the remainder when n is divided by 21.
19
Calculate the remainder when 3*2/(-12)*-46 is divided by (9/4)/((-6)/(-16)).
5
Let u = 0 + 14. What is the remainder when 54 is divided by u?
12
Let k(q) = -3*q**2 + q + 4. Let o be k(-3). Let j = 24 + -63. Let f = o - j. Calculate the remainder when 37 is divided by f.
11
Let n = -11 - -36. Suppose 2*z = -17 + 43. What is the remainder when n is divided by z?
12
Suppose 0 = -2*r + 2 + 4. Suppose 2*p + 160 = 5*o, 0 = -r*o + 5*p - 7*p + 96. What is the remainder when o is divided by -4*-2*11/8?
10
Suppose 3 = 3*l - 3. Suppose 20 = l*s + 2*s. Suppose 5*m + s - 30 = 0. Calculate the remainder when 14 is divided by m.
4
Let m be (0 - 3) + 8 + -3. Let l(s) = s**2 + 3*s - 2. What is the remainder when 15 is divided by l(m)?
7
Calculate the remainder when 110 is divided by 38 - ((-2)/(-8))/(